{"id":968,"date":"2017-06-08T11:47:45","date_gmt":"2017-06-08T09:47:45","guid":{"rendered":"http:\/\/rw-moisling.de\/?page_id=968"},"modified":"2026-02-13T12:21:52","modified_gmt":"2026-02-13T11:21:52","slug":"impressum","status":"publish","type":"page","link":"https:\/\/rw-moisling.de\/index.php\/impressum\/","title":{"rendered":"Impressum"},"content":{"rendered":"<p>Angaben gem\u00e4\u00df \u00a7 5 DDG:<\/p>\n<p>Spielvereinigung Rot-Wei\u00df Moisling von 1911 e. V.<br \/>\nBr\u00fcder-Grimm-Ring 4b<br \/>\n23560 L\u00fcbeck<\/p>\n<p>Vertreten durch:<\/p>\n<p>Dennis Keske<br \/>\nGerhard Clasen<br \/>\nStefanie Gerlach<\/p>\n<p>Kontakt:<br \/>\nTelefon: 0451 802240 (Mo. 18-20 Uhr)<br \/>\nTelefax: 0451 2922475<br \/>\nE-Mail: <a href=\"&#109;&#097;&#105;&#108;&#116;&#111;&#058;&#105;&#110;&#102;&#111;&#064;&#114;&#119;&#045;&#109;&#111;&#105;&#115;&#108;&#105;&#110;&#103;&#046;&#100;&#101;\">&#105;&#110;&#102;&#111;&#064;&#114;&#119;&#045;&#109;&#111;&#105;&#115;&#108;&#105;&#110;&#103;&#046;&#100;&#101;<\/a><br \/>\nRegistereintrag:<br \/>\nEintragung im Vereinsregister.<br \/>\nRegistergericht: AG L\u00fcbeck<br \/>\nRegisternummer: VR 950<\/p>\n<p>Umsatzsteuer-ID:<\/p>\n<p>Umsatzsteuer-Identifikationsnummer gem\u00e4\u00df \u00a727 a Umsatzsteuergesetz:<\/p>\n<p>22.290.7266.0<\/p>\n<p>Verantwortlich f\u00fcr den Inhalt nach \u00a7 55 Abs. 2 RStV:<\/p>\n<p>Spielvereinigung Rot- Wei\u00df Moisling von 1911 e. V.<br \/>\nBr\u00fcder-Grimm-Ring 4b<br \/>\n23560 L\u00fcbeck<\/p>\n","protected":false},"excerpt":{"rendered":"<p>Angaben gem\u00e4\u00df \u00a7 5 DDG: Spielvereinigung Rot-Wei\u00df Moisling von 1911 e. V. Br\u00fcder-Grimm-Ring 4b 23560 L\u00fcbeck Vertreten durch: Dennis Keske Gerhard Clasen Stefanie Gerlach Kontakt: Telefon: 0451 802240 (Mo. 18-20 Uhr) Telefax: 0451 2922475 E-Mail:&hellip;<\/p>\n","protected":false},"author":1,"featured_media":0,"parent":0,"menu_order":0,"comment_status":"closed","ping_status":"closed","template":"","meta":{"footnotes":""},"class_list":["post-968","page","type-page","status-publish","hentry"],"yoast_head":"<!-- This site is optimized with the Yoast SEO plugin v27.6 - https:\/\/yoast.com\/product\/yoast-seo-wordpress\/ -->\n<title>Impressum - Rot-Wei\u00df Moisling<\/title>\n<meta name=\"robots\" content=\"index, follow, max-snippet:-1, max-image-preview:large, max-video-preview:-1\" \/>\n<link rel=\"canonical\" href=\"https:\/\/rw-moisling.de\/index.php\/impressum\/\" \/>\n<meta property=\"og:locale\" content=\"de_DE\" \/>\n<meta property=\"og:type\" content=\"article\" \/>\n<meta property=\"og:title\" content=\"Impressum - Rot-Wei\u00df Moisling\" \/>\n<meta property=\"og:description\" content=\"Angaben gem\u00e4\u00df \u00a7 5 DDG: Spielvereinigung Rot-Wei\u00df Moisling von 1911 e. V. Br\u00fcder-Grimm-Ring 4b 23560 L\u00fcbeck Vertreten durch: Dennis Keske Gerhard Clasen Stefanie Gerlach Kontakt: Telefon: 0451 802240 (Mo. 18-20 Uhr) Telefax: 0451 2922475 E-Mail:&hellip;\" \/>\n<meta property=\"og:url\" content=\"https:\/\/rw-moisling.de\/index.php\/impressum\/\" \/>\n<meta property=\"og:site_name\" content=\"Rot-Wei\u00df Moisling\" \/>\n<meta property=\"article:modified_time\" content=\"2026-02-13T11:21:52+00:00\" \/>\n<meta name=\"twitter:card\" content=\"summary_large_image\" \/>\n<meta name=\"twitter:label1\" content=\"Gesch\u00e4tzte Lesezeit\" \/>\n\t<meta name=\"twitter:data1\" content=\"1\u00a0Minute\" \/>\n<script type=\"application\/ld+json\" class=\"yoast-schema-graph\">{\"@context\":\"https:\\\/\\\/schema.org\",\"@graph\":[{\"@type\":\"WebPage\",\"@id\":\"https:\\\/\\\/rw-moisling.de\\\/index.php\\\/impressum\\\/\",\"url\":\"https:\\\/\\\/rw-moisling.de\\\/index.php\\\/impressum\\\/\",\"name\":\"Impressum - Rot-Wei\u00df Moisling\",\"isPartOf\":{\"@id\":\"https:\\\/\\\/rw-moisling.de\\\/#website\"},\"datePublished\":\"2017-06-08T09:47:45+00:00\",\"dateModified\":\"2026-02-13T11:21:52+00:00\",\"breadcrumb\":{\"@id\":\"https:\\\/\\\/rw-moisling.de\\\/index.php\\\/impressum\\\/#breadcrumb\"},\"inLanguage\":\"de\",\"potentialAction\":[{\"@type\":\"ReadAction\",\"target\":[\"https:\\\/\\\/rw-moisling.de\\\/index.php\\\/impressum\\\/\"]}]},{\"@type\":\"BreadcrumbList\",\"@id\":\"https:\\\/\\\/rw-moisling.de\\\/index.php\\\/impressum\\\/#breadcrumb\",\"itemListElement\":[{\"@type\":\"ListItem\",\"position\":1,\"name\":\"Startseite\",\"item\":\"https:\\\/\\\/rw-moisling.de\\\/\"},{\"@type\":\"ListItem\",\"position\":2,\"name\":\"Impressum\"}]},{\"@type\":\"WebSite\",\"@id\":\"https:\\\/\\\/rw-moisling.de\\\/#website\",\"url\":\"https:\\\/\\\/rw-moisling.de\\\/\",\"name\":\"Rot-Wei\u00df Moisling von 1911 e.V.\",\"description\":\"\",\"potentialAction\":[{\"@type\":\"SearchAction\",\"target\":{\"@type\":\"EntryPoint\",\"urlTemplate\":\"https:\\\/\\\/rw-moisling.de\\\/?s={search_term_string}\"},\"query-input\":{\"@type\":\"PropertyValueSpecification\",\"valueRequired\":true,\"valueName\":\"search_term_string\"}}],\"inLanguage\":\"de\"}]}<\/script>\n<!-- \/ Yoast SEO plugin. -->","yoast_head_json":{"title":"Impressum - Rot-Wei\u00df Moisling","robots":{"index":"index","follow":"follow","max-snippet":"max-snippet:-1","max-image-preview":"max-image-preview:large","max-video-preview":"max-video-preview:-1"},"canonical":"https:\/\/rw-moisling.de\/index.php\/impressum\/","og_locale":"de_DE","og_type":"article","og_title":"Impressum - Rot-Wei\u00df Moisling","og_description":"Angaben gem\u00e4\u00df \u00a7 5 DDG: Spielvereinigung Rot-Wei\u00df Moisling von 1911 e. V. Br\u00fcder-Grimm-Ring 4b 23560 L\u00fcbeck Vertreten durch: Dennis Keske Gerhard Clasen Stefanie Gerlach Kontakt: Telefon: 0451 802240 (Mo. 18-20 Uhr) Telefax: 0451 2922475 E-Mail:&hellip;","og_url":"https:\/\/rw-moisling.de\/index.php\/impressum\/","og_site_name":"Rot-Wei\u00df Moisling","article_modified_time":"2026-02-13T11:21:52+00:00","twitter_card":"summary_large_image","twitter_misc":{"Gesch\u00e4tzte Lesezeit":"1\u00a0Minute"},"schema":{"@context":"https:\/\/schema.org","@graph":[{"@type":"WebPage","@id":"https:\/\/rw-moisling.de\/index.php\/impressum\/","url":"https:\/\/rw-moisling.de\/index.php\/impressum\/","name":"Impressum - Rot-Wei\u00df Moisling","isPartOf":{"@id":"https:\/\/rw-moisling.de\/#website"},"datePublished":"2017-06-08T09:47:45+00:00","dateModified":"2026-02-13T11:21:52+00:00","breadcrumb":{"@id":"https:\/\/rw-moisling.de\/index.php\/impressum\/#breadcrumb"},"inLanguage":"de","potentialAction":[{"@type":"ReadAction","target":["https:\/\/rw-moisling.de\/index.php\/impressum\/"]}]},{"@type":"BreadcrumbList","@id":"https:\/\/rw-moisling.de\/index.php\/impressum\/#breadcrumb","itemListElement":[{"@type":"ListItem","position":1,"name":"Startseite","item":"https:\/\/rw-moisling.de\/"},{"@type":"ListItem","position":2,"name":"Impressum"}]},{"@type":"WebSite","@id":"https:\/\/rw-moisling.de\/#website","url":"https:\/\/rw-moisling.de\/","name":"Rot-Wei\u00df Moisling von 1911 e.V.","description":"","potentialAction":[{"@type":"SearchAction","target":{"@type":"EntryPoint","urlTemplate":"https:\/\/rw-moisling.de\/?s={search_term_string}"},"query-input":{"@type":"PropertyValueSpecification","valueRequired":true,"valueName":"search_term_string"}}],"inLanguage":"de"}]}},"_links":{"self":[{"href":"https:\/\/rw-moisling.de\/index.php\/wp-json\/wp\/v2\/pages\/968","targetHints":{"allow":["GET"]}}],"collection":[{"href":"https:\/\/rw-moisling.de\/index.php\/wp-json\/wp\/v2\/pages"}],"about":[{"href":"https:\/\/rw-moisling.de\/index.php\/wp-json\/wp\/v2\/types\/page"}],"author":[{"embeddable":true,"href":"https:\/\/rw-moisling.de\/index.php\/wp-json\/wp\/v2\/users\/1"}],"replies":[{"embeddable":true,"href":"https:\/\/rw-moisling.de\/index.php\/wp-json\/wp\/v2\/comments?post=968"}],"version-history":[{"count":17,"href":"https:\/\/rw-moisling.de\/index.php\/wp-json\/wp\/v2\/pages\/968\/revisions"}],"predecessor-version":[{"id":4252,"href":"https:\/\/rw-moisling.de\/index.php\/wp-json\/wp\/v2\/pages\/968\/revisions\/4252"}],"wp:attachment":[{"href":"https:\/\/rw-moisling.de\/index.php\/wp-json\/wp\/v2\/media?parent=968"}],"curies":[{"name":"wp","href":"https:\/\/api.w.org\/{rel}","templated":true}]}}