{"id":706,"date":"2017-05-31T17:59:43","date_gmt":"2017-05-31T15:59:43","guid":{"rendered":"http:\/\/rw-moisling.de\/?page_id=706"},"modified":"2026-01-19T09:41:10","modified_gmt":"2026-01-19T08:41:10","slug":"dojo","status":"publish","type":"page","link":"https:\/\/rw-moisling.de\/index.php\/sparten\/karate\/dojo\/","title":{"rendered":"Trainingsplan &#038; Dojo"},"content":{"rendered":"<h2><strong><u>Trainingsplan<\/u><\/strong><\/h2>\n<p><strong><u>Mittwoch<\/u><\/strong><\/p>\n<p>17 \u2013 18 Uhr\u00a0\u00a0\u00a0\u00a0\u00a0\u00a0\u00a0\u00a0\u00a0\u00a0\u00a0\u00a0\u00a0\u00a0\u00a0\u00a0\u00a0\u00a0\u00a0\u00a0\u00a0\u00a0\u00a0\u00a0 Kindertraining, 10.-5. Kyu<\/p>\n<p>18 \u2013 19:30 Uhr\u00a0\u00a0\u00a0\u00a0\u00a0\u00a0\u00a0\u00a0\u00a0\u00a0\u00a0\u00a0\u00a0\u00a0\u00a0\u00a0\u00a0 Jugendtraining, ab 6. Kyu<\/p>\n<p>&nbsp;<\/p>\n<p><strong><u>Freitag<\/u><\/strong><\/p>\n<p>17 \u2013 18 Uhr\u00a0\u00a0\u00a0\u00a0\u00a0\u00a0\u00a0\u00a0\u00a0\u00a0\u00a0\u00a0\u00a0\u00a0\u00a0\u00a0\u00a0\u00a0\u00a0\u00a0\u00a0\u00a0\u00a0\u00a0 Kindertraining, 10.-5. Kyu<\/p>\n<p>18 \u2013 19:30 Uhr\u00a0\u00a0\u00a0\u00a0\u00a0\u00a0\u00a0\u00a0\u00a0\u00a0\u00a0\u00a0\u00a0\u00a0\u00a0\u00a0\u00a0 Jugendtraining, ab 6. Kyu<\/p>\n<p>&nbsp;<\/p>\n<p><strong><u>Sonntag<\/u><\/strong><\/p>\n<p>10 \u2013 12 Uhr\u00a0\u00a0\u00a0\u00a0\u00a0\u00a0\u00a0\u00a0\u00a0\u00a0\u00a0\u00a0\u00a0\u00a0\u00a0\u00a0\u00a0\u00a0\u00a0\u00a0\u00a0\u00a0\u00a0\u00a0 Sondertraining, nur in Absprache mit einem Trainer<\/p>\n<p>&nbsp;<\/p>\n<p>&nbsp;<\/p>\n<h2><strong><u>Dojo<\/u><\/strong><\/h2>\n<p>&nbsp;<\/p>\n<p>Unser Dojo befindet sich in L\u00fcbeck-Moisling:<\/p>\n<p>&nbsp;<\/p>\n<p>Heinrich-Mann-Schule<\/p>\n<p>Br\u00fcder-Grimm-Ring 6 \u2013 8<\/p>\n<p>23560 L\u00fcbeck<\/p>\n<p>&#8211; kleine Turnhalle \u2013<\/p>\n<p>&nbsp;<\/p>\n<p>Parkpl\u00e4tze befinden sich direkt vor der Halle.<\/p>\n<p>Die Buslinie 7 des Stadtverkehr L\u00fcbeck h\u00e4lt unmittelbar bei der Halle. Die Haltestelle hei\u00dft \u201eAschenputtelweg\u201c.<\/p>\n","protected":false},"excerpt":{"rendered":"<p>Trainingsplan Mittwoch 17 \u2013 18 Uhr\u00a0\u00a0\u00a0\u00a0\u00a0\u00a0\u00a0\u00a0\u00a0\u00a0\u00a0\u00a0\u00a0\u00a0\u00a0\u00a0\u00a0\u00a0\u00a0\u00a0\u00a0\u00a0\u00a0\u00a0 Kindertraining, 10.-5. Kyu 18 \u2013 19:30 Uhr\u00a0\u00a0\u00a0\u00a0\u00a0\u00a0\u00a0\u00a0\u00a0\u00a0\u00a0\u00a0\u00a0\u00a0\u00a0\u00a0\u00a0 Jugendtraining, ab 6. Kyu &nbsp; Freitag 17 \u2013 18 Uhr\u00a0\u00a0\u00a0\u00a0\u00a0\u00a0\u00a0\u00a0\u00a0\u00a0\u00a0\u00a0\u00a0\u00a0\u00a0\u00a0\u00a0\u00a0\u00a0\u00a0\u00a0\u00a0\u00a0\u00a0 Kindertraining, 10.-5. Kyu 18 \u2013 19:30 Uhr\u00a0\u00a0\u00a0\u00a0\u00a0\u00a0\u00a0\u00a0\u00a0\u00a0\u00a0\u00a0\u00a0\u00a0\u00a0\u00a0\u00a0 Jugendtraining, ab 6. Kyu &nbsp;&hellip;<\/p>\n","protected":false},"author":1,"featured_media":0,"parent":696,"menu_order":0,"comment_status":"closed","ping_status":"closed","template":"","meta":{"footnotes":""},"class_list":["post-706","page","type-page","status-publish","hentry"],"yoast_head":"<!-- This site is optimized with the Yoast SEO plugin v27.5 - https:\/\/yoast.com\/product\/yoast-seo-wordpress\/ -->\n<title>Trainingsplan &amp; Dojo - Rot-Wei\u00df Moisling<\/title>\n<meta name=\"robots\" content=\"index, follow, max-snippet:-1, max-image-preview:large, max-video-preview:-1\" \/>\n<link rel=\"canonical\" href=\"https:\/\/rw-moisling.de\/index.php\/sparten\/karate\/dojo\/\" \/>\n<meta property=\"og:locale\" content=\"de_DE\" \/>\n<meta property=\"og:type\" content=\"article\" \/>\n<meta property=\"og:title\" content=\"Trainingsplan &amp; Dojo - Rot-Wei\u00df Moisling\" \/>\n<meta property=\"og:description\" content=\"Trainingsplan Mittwoch 17 \u2013 18 Uhr\u00a0\u00a0\u00a0\u00a0\u00a0\u00a0\u00a0\u00a0\u00a0\u00a0\u00a0\u00a0\u00a0\u00a0\u00a0\u00a0\u00a0\u00a0\u00a0\u00a0\u00a0\u00a0\u00a0\u00a0 Kindertraining, 10.-5. Kyu 18 \u2013 19:30 Uhr\u00a0\u00a0\u00a0\u00a0\u00a0\u00a0\u00a0\u00a0\u00a0\u00a0\u00a0\u00a0\u00a0\u00a0\u00a0\u00a0\u00a0 Jugendtraining, ab 6. Kyu &nbsp; Freitag 17 \u2013 18 Uhr\u00a0\u00a0\u00a0\u00a0\u00a0\u00a0\u00a0\u00a0\u00a0\u00a0\u00a0\u00a0\u00a0\u00a0\u00a0\u00a0\u00a0\u00a0\u00a0\u00a0\u00a0\u00a0\u00a0\u00a0 Kindertraining, 10.-5. Kyu 18 \u2013 19:30 Uhr\u00a0\u00a0\u00a0\u00a0\u00a0\u00a0\u00a0\u00a0\u00a0\u00a0\u00a0\u00a0\u00a0\u00a0\u00a0\u00a0\u00a0 Jugendtraining, ab 6. Kyu &nbsp;&hellip;\" \/>\n<meta property=\"og:url\" content=\"https:\/\/rw-moisling.de\/index.php\/sparten\/karate\/dojo\/\" \/>\n<meta property=\"og:site_name\" content=\"Rot-Wei\u00df Moisling\" \/>\n<meta property=\"article:modified_time\" content=\"2026-01-19T08:41:10+00:00\" \/>\n<meta name=\"twitter:card\" content=\"summary_large_image\" \/>\n<meta name=\"twitter:label1\" content=\"Gesch\u00e4tzte Lesezeit\" \/>\n\t<meta name=\"twitter:data1\" content=\"1\u00a0Minute\" \/>\n<script type=\"application\/ld+json\" class=\"yoast-schema-graph\">{\"@context\":\"https:\\\/\\\/schema.org\",\"@graph\":[{\"@type\":\"WebPage\",\"@id\":\"https:\\\/\\\/rw-moisling.de\\\/index.php\\\/sparten\\\/karate\\\/dojo\\\/\",\"url\":\"https:\\\/\\\/rw-moisling.de\\\/index.php\\\/sparten\\\/karate\\\/dojo\\\/\",\"name\":\"Trainingsplan & Dojo - Rot-Wei\u00df Moisling\",\"isPartOf\":{\"@id\":\"https:\\\/\\\/rw-moisling.de\\\/#website\"},\"datePublished\":\"2017-05-31T15:59:43+00:00\",\"dateModified\":\"2026-01-19T08:41:10+00:00\",\"breadcrumb\":{\"@id\":\"https:\\\/\\\/rw-moisling.de\\\/index.php\\\/sparten\\\/karate\\\/dojo\\\/#breadcrumb\"},\"inLanguage\":\"de\",\"potentialAction\":[{\"@type\":\"ReadAction\",\"target\":[\"https:\\\/\\\/rw-moisling.de\\\/index.php\\\/sparten\\\/karate\\\/dojo\\\/\"]}]},{\"@type\":\"BreadcrumbList\",\"@id\":\"https:\\\/\\\/rw-moisling.de\\\/index.php\\\/sparten\\\/karate\\\/dojo\\\/#breadcrumb\",\"itemListElement\":[{\"@type\":\"ListItem\",\"position\":1,\"name\":\"Startseite\",\"item\":\"https:\\\/\\\/rw-moisling.de\\\/\"},{\"@type\":\"ListItem\",\"position\":2,\"name\":\"Sparten\",\"item\":\"https:\\\/\\\/rw-moisling.de\\\/index.php\\\/sparten\\\/\"},{\"@type\":\"ListItem\",\"position\":3,\"name\":\"Karate\",\"item\":\"https:\\\/\\\/rw-moisling.de\\\/index.php\\\/sparten\\\/karate\\\/\"},{\"@type\":\"ListItem\",\"position\":4,\"name\":\"Trainingsplan &#038; Dojo\"}]},{\"@type\":\"WebSite\",\"@id\":\"https:\\\/\\\/rw-moisling.de\\\/#website\",\"url\":\"https:\\\/\\\/rw-moisling.de\\\/\",\"name\":\"Rot-Wei\u00df Moisling von 1911 e.V.\",\"description\":\"\",\"potentialAction\":[{\"@type\":\"SearchAction\",\"target\":{\"@type\":\"EntryPoint\",\"urlTemplate\":\"https:\\\/\\\/rw-moisling.de\\\/?s={search_term_string}\"},\"query-input\":{\"@type\":\"PropertyValueSpecification\",\"valueRequired\":true,\"valueName\":\"search_term_string\"}}],\"inLanguage\":\"de\"}]}<\/script>\n<!-- \/ Yoast SEO plugin. -->","yoast_head_json":{"title":"Trainingsplan & Dojo - Rot-Wei\u00df Moisling","robots":{"index":"index","follow":"follow","max-snippet":"max-snippet:-1","max-image-preview":"max-image-preview:large","max-video-preview":"max-video-preview:-1"},"canonical":"https:\/\/rw-moisling.de\/index.php\/sparten\/karate\/dojo\/","og_locale":"de_DE","og_type":"article","og_title":"Trainingsplan & Dojo - Rot-Wei\u00df Moisling","og_description":"Trainingsplan Mittwoch 17 \u2013 18 Uhr\u00a0\u00a0\u00a0\u00a0\u00a0\u00a0\u00a0\u00a0\u00a0\u00a0\u00a0\u00a0\u00a0\u00a0\u00a0\u00a0\u00a0\u00a0\u00a0\u00a0\u00a0\u00a0\u00a0\u00a0 Kindertraining, 10.-5. Kyu 18 \u2013 19:30 Uhr\u00a0\u00a0\u00a0\u00a0\u00a0\u00a0\u00a0\u00a0\u00a0\u00a0\u00a0\u00a0\u00a0\u00a0\u00a0\u00a0\u00a0 Jugendtraining, ab 6. Kyu &nbsp; Freitag 17 \u2013 18 Uhr\u00a0\u00a0\u00a0\u00a0\u00a0\u00a0\u00a0\u00a0\u00a0\u00a0\u00a0\u00a0\u00a0\u00a0\u00a0\u00a0\u00a0\u00a0\u00a0\u00a0\u00a0\u00a0\u00a0\u00a0 Kindertraining, 10.-5. Kyu 18 \u2013 19:30 Uhr\u00a0\u00a0\u00a0\u00a0\u00a0\u00a0\u00a0\u00a0\u00a0\u00a0\u00a0\u00a0\u00a0\u00a0\u00a0\u00a0\u00a0 Jugendtraining, ab 6. Kyu &nbsp;&hellip;","og_url":"https:\/\/rw-moisling.de\/index.php\/sparten\/karate\/dojo\/","og_site_name":"Rot-Wei\u00df Moisling","article_modified_time":"2026-01-19T08:41:10+00:00","twitter_card":"summary_large_image","twitter_misc":{"Gesch\u00e4tzte Lesezeit":"1\u00a0Minute"},"schema":{"@context":"https:\/\/schema.org","@graph":[{"@type":"WebPage","@id":"https:\/\/rw-moisling.de\/index.php\/sparten\/karate\/dojo\/","url":"https:\/\/rw-moisling.de\/index.php\/sparten\/karate\/dojo\/","name":"Trainingsplan & Dojo - Rot-Wei\u00df Moisling","isPartOf":{"@id":"https:\/\/rw-moisling.de\/#website"},"datePublished":"2017-05-31T15:59:43+00:00","dateModified":"2026-01-19T08:41:10+00:00","breadcrumb":{"@id":"https:\/\/rw-moisling.de\/index.php\/sparten\/karate\/dojo\/#breadcrumb"},"inLanguage":"de","potentialAction":[{"@type":"ReadAction","target":["https:\/\/rw-moisling.de\/index.php\/sparten\/karate\/dojo\/"]}]},{"@type":"BreadcrumbList","@id":"https:\/\/rw-moisling.de\/index.php\/sparten\/karate\/dojo\/#breadcrumb","itemListElement":[{"@type":"ListItem","position":1,"name":"Startseite","item":"https:\/\/rw-moisling.de\/"},{"@type":"ListItem","position":2,"name":"Sparten","item":"https:\/\/rw-moisling.de\/index.php\/sparten\/"},{"@type":"ListItem","position":3,"name":"Karate","item":"https:\/\/rw-moisling.de\/index.php\/sparten\/karate\/"},{"@type":"ListItem","position":4,"name":"Trainingsplan &#038; Dojo"}]},{"@type":"WebSite","@id":"https:\/\/rw-moisling.de\/#website","url":"https:\/\/rw-moisling.de\/","name":"Rot-Wei\u00df Moisling von 1911 e.V.","description":"","potentialAction":[{"@type":"SearchAction","target":{"@type":"EntryPoint","urlTemplate":"https:\/\/rw-moisling.de\/?s={search_term_string}"},"query-input":{"@type":"PropertyValueSpecification","valueRequired":true,"valueName":"search_term_string"}}],"inLanguage":"de"}]}},"_links":{"self":[{"href":"https:\/\/rw-moisling.de\/index.php\/wp-json\/wp\/v2\/pages\/706","targetHints":{"allow":["GET"]}}],"collection":[{"href":"https:\/\/rw-moisling.de\/index.php\/wp-json\/wp\/v2\/pages"}],"about":[{"href":"https:\/\/rw-moisling.de\/index.php\/wp-json\/wp\/v2\/types\/page"}],"author":[{"embeddable":true,"href":"https:\/\/rw-moisling.de\/index.php\/wp-json\/wp\/v2\/users\/1"}],"replies":[{"embeddable":true,"href":"https:\/\/rw-moisling.de\/index.php\/wp-json\/wp\/v2\/comments?post=706"}],"version-history":[{"count":4,"href":"https:\/\/rw-moisling.de\/index.php\/wp-json\/wp\/v2\/pages\/706\/revisions"}],"predecessor-version":[{"id":4227,"href":"https:\/\/rw-moisling.de\/index.php\/wp-json\/wp\/v2\/pages\/706\/revisions\/4227"}],"up":[{"embeddable":true,"href":"https:\/\/rw-moisling.de\/index.php\/wp-json\/wp\/v2\/pages\/696"}],"wp:attachment":[{"href":"https:\/\/rw-moisling.de\/index.php\/wp-json\/wp\/v2\/media?parent=706"}],"curies":[{"name":"wp","href":"https:\/\/api.w.org\/{rel}","templated":true}]}}

<h2><strong><u>Trainingsplan</u></strong></h2>
<p><strong><u>Mittwoch</u></strong></p>
<p>17 – 18 Uhr                         Kindertraining, 10.-5. Kyu</p>
<p>18 – 19:30 Uhr                  Jugendtraining, ab 6. Kyu</p>
<p>&nbsp;</p>
<p><strong><u>Freitag</u></strong></p>
<p>17 – 18 Uhr                         Kindertraining, 10.-5. Kyu</p>
<p>18 – 19:30 Uhr                  Jugendtraining, ab 6. Kyu</p>
<p>&nbsp;</p>
<p><strong><u>Sonntag</u></strong></p>
<p>10 – 12 Uhr                         Sondertraining, nur in Absprache mit einem Trainer</p>
<p>&nbsp;</p>
<p>&nbsp;</p>
<h2><strong><u>Dojo</u></strong></h2>
<p>&nbsp;</p>
<p>Unser Dojo befindet sich in Lübeck-Moisling:</p>
<p>&nbsp;</p>
<p>Heinrich-Mann-Schule</p>
<p>Brüder-Grimm-Ring 6 – 8</p>
<p>23560 Lübeck</p>
<p>&#8211; kleine Turnhalle –</p>
<p>&nbsp;</p>
<p>Parkplätze befinden sich direkt vor der Halle.</p>
<p>Die Buslinie 7 des Stadtverkehr Lübeck hält unmittelbar bei der Halle. Die Haltestelle heißt „Aschenputtelweg“.</p>

<!-- This site is optimized with the Yoast SEO plugin v27.5 - https://yoast.com/product/yoast-seo-wordpress/ -->
<title>Trainingsplan &amp; Dojo - Rot-Weiß Moisling</title>
<meta name="robots" content="index, follow, max-snippet:-1, max-image-preview:large, max-video-preview:-1" />
<link rel="canonical" href="https://rw-moisling.de/index.php/sparten/karate/dojo/" />
<meta property="og:locale" content="de_DE" />
<meta property="og:type" content="article" />
<meta property="og:title" content="Trainingsplan &amp; Dojo - Rot-Weiß Moisling" />
<meta property="og:description" content="Trainingsplan Mittwoch 17 – 18 Uhr                         Kindertraining, 10.-5. Kyu 18 – 19:30 Uhr                  Jugendtraining, ab 6. Kyu &nbsp; Freitag 17 – 18 Uhr                         Kindertraining, 10.-5. Kyu 18 – 19:30 Uhr                  Jugendtraining, ab 6. Kyu &nbsp;&hellip;" />
<meta property="og:url" content="https://rw-moisling.de/index.php/sparten/karate/dojo/" />
<meta property="og:site_name" content="Rot-Weiß Moisling" />
<meta property="article:modified_time" content="2026-01-19T08:41:10+00:00" />
<meta name="twitter:card" content="summary_large_image" />
<meta name="twitter:label1" content="Geschätzte Lesezeit" />
	<meta name="twitter:data1" content="1 Minute" />
<script type="application/ld+json" class="yoast-schema-graph">{"@context":"https:\/\/schema.org","@graph":[{"@type":"WebPage","@id":"https:\/\/rw-moisling.de\/index.php\/sparten\/karate\/dojo\/","url":"https:\/\/rw-moisling.de\/index.php\/sparten\/karate\/dojo\/","name":"Trainingsplan & Dojo - Rot-Weiß Moisling","isPartOf":{"@id":"https:\/\/rw-moisling.de\/#website"},"datePublished":"2017-05-31T15:59:43+00:00","dateModified":"2026-01-19T08:41:10+00:00","breadcrumb":{"@id":"https:\/\/rw-moisling.de\/index.php\/sparten\/karate\/dojo\/#breadcrumb"},"inLanguage":"de","potentialAction":[{"@type":"ReadAction","target":["https:\/\/rw-moisling.de\/index.php\/sparten\/karate\/dojo\/"]}]},{"@type":"BreadcrumbList","@id":"https:\/\/rw-moisling.de\/index.php\/sparten\/karate\/dojo\/#breadcrumb","itemListElement":[{"@type":"ListItem","position":1,"name":"Startseite","item":"https:\/\/rw-moisling.de\/"},{"@type":"ListItem","position":2,"name":"Sparten","item":"https:\/\/rw-moisling.de\/index.php\/sparten\/"},{"@type":"ListItem","position":3,"name":"Karate","item":"https:\/\/rw-moisling.de\/index.php\/sparten\/karate\/"},{"@type":"ListItem","position":4,"name":"Trainingsplan &#038; Dojo"}]},{"@type":"WebSite","@id":"https:\/\/rw-moisling.de\/#website","url":"https:\/\/rw-moisling.de\/","name":"Rot-Weiß Moisling von 1911 e.V.","description":"","potentialAction":[{"@type":"SearchAction","target":{"@type":"EntryPoint","urlTemplate":"https:\/\/rw-moisling.de\/?s={search_term_string}"},"query-input":{"@type":"PropertyValueSpecification","valueRequired":true,"valueName":"search_term_string"}}],"inLanguage":"de"}]}</script>
<!-- / Yoast SEO plugin. -->

Trainingsplan & Dojo - Rot-Weiß Moisling

Rot-Weiß Moisling

Rot-Weiß Moisling von 1911 e.V.
