{"id":147,"date":"2022-10-15T11:39:46","date_gmt":"2022-10-15T09:39:46","guid":{"rendered":"http:\/\/rw-moisling.de\/?page_id=147"},"modified":"2025-07-10T11:13:47","modified_gmt":"2025-07-10T09:13:47","slug":"1-frauen-sg-esv-hansa-rw-moisling","status":"publish","type":"page","link":"https:\/\/rw-moisling.de\/index.php\/sparten\/fussball\/1-frauen-sg-esv-hansa-rw-moisling\/","title":{"rendered":"1. Frauen SG Dornbreite-RW Moisling"},"content":{"rendered":"\r\n<p>Unsere 1. Frauenmannschaft spielt in der Kreisliga S\u00fcd-Ost<\/p>\r\n\r\n\r\n\r\n<p><strong>Die Trainer<\/strong><\/p>\r\n\r\n\r\n\r\n<p>Rainer Thie\u00df, Tel. +49 (0)1794518032, Mail: <a href=\"mailto:rthiess@t-online.de\"><strong>rthiess@t-online.de<\/strong><\/a><\/p>\r\n\r\n\r\n\r\n<p>Mona T\u00fcttenberg, Tel. +49 (0)1724225856, Mail: <a href=\"mailto:monathiess@freenet.de\"><strong>monathiess@freenet.de<\/strong><\/a><\/p>\r\n\r\n\r\n\r\n<p><strong>Co-Trainer\/Betreuer<\/strong><\/p>\r\n<p>David Thie\u00df<\/p>\r\n\r\n\r\n\r\n<p><strong>Trainingszeiten:<\/strong><\/p>\r\n<p>Montag und Mittwoch (Moisling) von 18:30 bis 20:00 Uhr<\/p>\r\n\r\n\r\n\r\n<p>&nbsp;<\/p>\r\n","protected":false},"excerpt":{"rendered":"<p>Unsere 1. Frauenmannschaft spielt in der Kreisliga S\u00fcd-Ost Die Trainer Rainer Thie\u00df, Tel. +49 (0)1794518032, Mail: rthiess@t-online.de Mona T\u00fcttenberg, Tel. +49 (0)1724225856, Mail: monathiess@freenet.de Co-Trainer\/Betreuer David Thie\u00df Trainingszeiten: Montag und Mittwoch (Moisling) von 18:30 bis&hellip;<\/p>\n","protected":false},"author":1,"featured_media":0,"parent":127,"menu_order":0,"comment_status":"closed","ping_status":"closed","template":"","meta":{"footnotes":""},"class_list":["post-147","page","type-page","status-publish","hentry"],"yoast_head":"<!-- This site is optimized with the Yoast SEO plugin v27.6 - https:\/\/yoast.com\/product\/yoast-seo-wordpress\/ -->\n<title>1. Frauen SG Dornbreite-RW Moisling - Rot-Wei\u00df Moisling<\/title>\n<meta name=\"robots\" content=\"index, follow, max-snippet:-1, max-image-preview:large, max-video-preview:-1\" \/>\n<link rel=\"canonical\" href=\"https:\/\/rw-moisling.de\/index.php\/sparten\/fussball\/1-frauen-sg-esv-hansa-rw-moisling\/\" \/>\n<meta property=\"og:locale\" content=\"de_DE\" \/>\n<meta property=\"og:type\" content=\"article\" \/>\n<meta property=\"og:title\" content=\"1. Frauen SG Dornbreite-RW Moisling - Rot-Wei\u00df Moisling\" \/>\n<meta property=\"og:description\" content=\"Unsere 1. Frauenmannschaft spielt in der Kreisliga S\u00fcd-Ost Die Trainer Rainer Thie\u00df, Tel. +49 (0)1794518032, Mail: rthiess@t-online.de Mona T\u00fcttenberg, Tel. +49 (0)1724225856, Mail: monathiess@freenet.de Co-Trainer\/Betreuer David Thie\u00df Trainingszeiten: Montag und Mittwoch (Moisling) von 18:30 bis&hellip;\" \/>\n<meta property=\"og:url\" content=\"https:\/\/rw-moisling.de\/index.php\/sparten\/fussball\/1-frauen-sg-esv-hansa-rw-moisling\/\" \/>\n<meta property=\"og:site_name\" content=\"Rot-Wei\u00df Moisling\" \/>\n<meta property=\"article:modified_time\" content=\"2025-07-10T09:13:47+00:00\" \/>\n<meta name=\"twitter:card\" content=\"summary_large_image\" \/>\n<meta name=\"twitter:label1\" content=\"Gesch\u00e4tzte Lesezeit\" \/>\n\t<meta name=\"twitter:data1\" content=\"1\u00a0Minute\" \/>\n<script type=\"application\/ld+json\" class=\"yoast-schema-graph\">{\"@context\":\"https:\\\/\\\/schema.org\",\"@graph\":[{\"@type\":\"WebPage\",\"@id\":\"https:\\\/\\\/rw-moisling.de\\\/index.php\\\/sparten\\\/fussball\\\/1-frauen-sg-esv-hansa-rw-moisling\\\/\",\"url\":\"https:\\\/\\\/rw-moisling.de\\\/index.php\\\/sparten\\\/fussball\\\/1-frauen-sg-esv-hansa-rw-moisling\\\/\",\"name\":\"1. Frauen SG Dornbreite-RW Moisling - Rot-Wei\u00df Moisling\",\"isPartOf\":{\"@id\":\"https:\\\/\\\/rw-moisling.de\\\/#website\"},\"datePublished\":\"2022-10-15T09:39:46+00:00\",\"dateModified\":\"2025-07-10T09:13:47+00:00\",\"breadcrumb\":{\"@id\":\"https:\\\/\\\/rw-moisling.de\\\/index.php\\\/sparten\\\/fussball\\\/1-frauen-sg-esv-hansa-rw-moisling\\\/#breadcrumb\"},\"inLanguage\":\"de\",\"potentialAction\":[{\"@type\":\"ReadAction\",\"target\":[\"https:\\\/\\\/rw-moisling.de\\\/index.php\\\/sparten\\\/fussball\\\/1-frauen-sg-esv-hansa-rw-moisling\\\/\"]}]},{\"@type\":\"BreadcrumbList\",\"@id\":\"https:\\\/\\\/rw-moisling.de\\\/index.php\\\/sparten\\\/fussball\\\/1-frauen-sg-esv-hansa-rw-moisling\\\/#breadcrumb\",\"itemListElement\":[{\"@type\":\"ListItem\",\"position\":1,\"name\":\"Startseite\",\"item\":\"https:\\\/\\\/rw-moisling.de\\\/\"},{\"@type\":\"ListItem\",\"position\":2,\"name\":\"Sparten\",\"item\":\"https:\\\/\\\/rw-moisling.de\\\/index.php\\\/sparten\\\/\"},{\"@type\":\"ListItem\",\"position\":3,\"name\":\"Fu\u00dfball\",\"item\":\"https:\\\/\\\/rw-moisling.de\\\/index.php\\\/sparten\\\/fussball\\\/\"},{\"@type\":\"ListItem\",\"position\":4,\"name\":\"1. Frauen SG Dornbreite-RW Moisling\"}]},{\"@type\":\"WebSite\",\"@id\":\"https:\\\/\\\/rw-moisling.de\\\/#website\",\"url\":\"https:\\\/\\\/rw-moisling.de\\\/\",\"name\":\"Rot-Wei\u00df Moisling von 1911 e.V.\",\"description\":\"\",\"potentialAction\":[{\"@type\":\"SearchAction\",\"target\":{\"@type\":\"EntryPoint\",\"urlTemplate\":\"https:\\\/\\\/rw-moisling.de\\\/?s={search_term_string}\"},\"query-input\":{\"@type\":\"PropertyValueSpecification\",\"valueRequired\":true,\"valueName\":\"search_term_string\"}}],\"inLanguage\":\"de\"}]}<\/script>\n<!-- \/ Yoast SEO plugin. -->","yoast_head_json":{"title":"1. Frauen SG Dornbreite-RW Moisling - Rot-Wei\u00df Moisling","robots":{"index":"index","follow":"follow","max-snippet":"max-snippet:-1","max-image-preview":"max-image-preview:large","max-video-preview":"max-video-preview:-1"},"canonical":"https:\/\/rw-moisling.de\/index.php\/sparten\/fussball\/1-frauen-sg-esv-hansa-rw-moisling\/","og_locale":"de_DE","og_type":"article","og_title":"1. Frauen SG Dornbreite-RW Moisling - Rot-Wei\u00df Moisling","og_description":"Unsere 1. Frauenmannschaft spielt in der Kreisliga S\u00fcd-Ost Die Trainer Rainer Thie\u00df, Tel. +49 (0)1794518032, Mail: rthiess@t-online.de Mona T\u00fcttenberg, Tel. +49 (0)1724225856, Mail: monathiess@freenet.de Co-Trainer\/Betreuer David Thie\u00df Trainingszeiten: Montag und Mittwoch (Moisling) von 18:30 bis&hellip;","og_url":"https:\/\/rw-moisling.de\/index.php\/sparten\/fussball\/1-frauen-sg-esv-hansa-rw-moisling\/","og_site_name":"Rot-Wei\u00df Moisling","article_modified_time":"2025-07-10T09:13:47+00:00","twitter_card":"summary_large_image","twitter_misc":{"Gesch\u00e4tzte Lesezeit":"1\u00a0Minute"},"schema":{"@context":"https:\/\/schema.org","@graph":[{"@type":"WebPage","@id":"https:\/\/rw-moisling.de\/index.php\/sparten\/fussball\/1-frauen-sg-esv-hansa-rw-moisling\/","url":"https:\/\/rw-moisling.de\/index.php\/sparten\/fussball\/1-frauen-sg-esv-hansa-rw-moisling\/","name":"1. Frauen SG Dornbreite-RW Moisling - Rot-Wei\u00df Moisling","isPartOf":{"@id":"https:\/\/rw-moisling.de\/#website"},"datePublished":"2022-10-15T09:39:46+00:00","dateModified":"2025-07-10T09:13:47+00:00","breadcrumb":{"@id":"https:\/\/rw-moisling.de\/index.php\/sparten\/fussball\/1-frauen-sg-esv-hansa-rw-moisling\/#breadcrumb"},"inLanguage":"de","potentialAction":[{"@type":"ReadAction","target":["https:\/\/rw-moisling.de\/index.php\/sparten\/fussball\/1-frauen-sg-esv-hansa-rw-moisling\/"]}]},{"@type":"BreadcrumbList","@id":"https:\/\/rw-moisling.de\/index.php\/sparten\/fussball\/1-frauen-sg-esv-hansa-rw-moisling\/#breadcrumb","itemListElement":[{"@type":"ListItem","position":1,"name":"Startseite","item":"https:\/\/rw-moisling.de\/"},{"@type":"ListItem","position":2,"name":"Sparten","item":"https:\/\/rw-moisling.de\/index.php\/sparten\/"},{"@type":"ListItem","position":3,"name":"Fu\u00dfball","item":"https:\/\/rw-moisling.de\/index.php\/sparten\/fussball\/"},{"@type":"ListItem","position":4,"name":"1. Frauen SG Dornbreite-RW Moisling"}]},{"@type":"WebSite","@id":"https:\/\/rw-moisling.de\/#website","url":"https:\/\/rw-moisling.de\/","name":"Rot-Wei\u00df Moisling von 1911 e.V.","description":"","potentialAction":[{"@type":"SearchAction","target":{"@type":"EntryPoint","urlTemplate":"https:\/\/rw-moisling.de\/?s={search_term_string}"},"query-input":{"@type":"PropertyValueSpecification","valueRequired":true,"valueName":"search_term_string"}}],"inLanguage":"de"}]}},"_links":{"self":[{"href":"https:\/\/rw-moisling.de\/index.php\/wp-json\/wp\/v2\/pages\/147","targetHints":{"allow":["GET"]}}],"collection":[{"href":"https:\/\/rw-moisling.de\/index.php\/wp-json\/wp\/v2\/pages"}],"about":[{"href":"https:\/\/rw-moisling.de\/index.php\/wp-json\/wp\/v2\/types\/page"}],"author":[{"embeddable":true,"href":"https:\/\/rw-moisling.de\/index.php\/wp-json\/wp\/v2\/users\/1"}],"replies":[{"embeddable":true,"href":"https:\/\/rw-moisling.de\/index.php\/wp-json\/wp\/v2\/comments?post=147"}],"version-history":[{"count":12,"href":"https:\/\/rw-moisling.de\/index.php\/wp-json\/wp\/v2\/pages\/147\/revisions"}],"predecessor-version":[{"id":4165,"href":"https:\/\/rw-moisling.de\/index.php\/wp-json\/wp\/v2\/pages\/147\/revisions\/4165"}],"up":[{"embeddable":true,"href":"https:\/\/rw-moisling.de\/index.php\/wp-json\/wp\/v2\/pages\/127"}],"wp:attachment":[{"href":"https:\/\/rw-moisling.de\/index.php\/wp-json\/wp\/v2\/media?parent=147"}],"curies":[{"name":"wp","href":"https:\/\/api.w.org\/{rel}","templated":true}]}}