{"id":134,"date":"2019-08-03T17:30:48","date_gmt":"2019-08-03T15:30:48","guid":{"rendered":"http:\/\/rw-moisling.de\/?page_id=134"},"modified":"2026-02-24T14:51:51","modified_gmt":"2026-02-24T13:51:51","slug":"1-herren","status":"publish","type":"page","link":"https:\/\/rw-moisling.de\/index.php\/sparten\/fussball\/1-herren\/","title":{"rendered":"1. Herren"},"content":{"rendered":"<h4 style=\"text-align: left;\">Unsere<\/h4>\n<h2 style=\"text-align: center;\"><strong>1. Herrenmannschaft<\/strong><\/h2>\n<p>spielt in dieser Spielzeit, 2025\/2026, in der Kreisklasse A SO \/ L\u00fcbeck.<\/p>\n<p>Hier stehen echte Amateure auf dem Platz, denen man die Freude am Fu\u00dfball anmerkt. Vielleicht haben auch Sie einmal Lust sich diese Mannschaft anzusehen. Rot-Wei\u00df Moisling w\u00fcrde sich \u00fcber Ihren Besuch freuen. Schauen Sie mal vorbei.<\/p>\n<p><strong>Die Trainer<br \/>\n<\/strong><\/p>\n<p>J\u00f6rg D\u00fcsing<br \/>\nMobil: +49 172 615 5864<br \/>\nE-Mail: jd1971@web.de<\/p>\n<p><strong>Co.<\/strong><\/p>\n<p>Wolfgang Suhrcke<br \/>\nMobil: +49 171 531 5113<br \/>\nE-Mail: w.suhrcke@online.de<\/p>\n<p>Sven Schr\u00f6der<br \/>\nMobil: +49 151 675 235 81<br \/>\nE-Mail: bogha23560@web.de<\/p>\n<p><strong>Trainingszeiten:<\/strong><\/p>\n<p>Dienstag und Donnerstag von 19:00 bis 20:30 Uhr (Treffen bereits um 18:40 Uhr)<\/p>\n","protected":false},"excerpt":{"rendered":"<p>Unsere 1. Herrenmannschaft spielt in dieser Spielzeit, 2025\/2026, in der Kreisklasse A SO \/ L\u00fcbeck. Hier stehen echte Amateure auf dem Platz, denen man die Freude am Fu\u00dfball anmerkt. Vielleicht haben auch Sie einmal Lust&hellip;<\/p>\n","protected":false},"author":1,"featured_media":0,"parent":127,"menu_order":0,"comment_status":"closed","ping_status":"closed","template":"","meta":{"footnotes":""},"class_list":["post-134","page","type-page","status-publish","hentry"],"yoast_head":"<!-- This site is optimized with the Yoast SEO plugin v27.4 - https:\/\/yoast.com\/product\/yoast-seo-wordpress\/ -->\n<title>1. Herren - Rot-Wei\u00df Moisling<\/title>\n<meta name=\"robots\" content=\"index, follow, max-snippet:-1, max-image-preview:large, max-video-preview:-1\" \/>\n<link rel=\"canonical\" href=\"https:\/\/rw-moisling.de\/index.php\/sparten\/fussball\/1-herren\/\" \/>\n<meta property=\"og:locale\" content=\"de_DE\" \/>\n<meta property=\"og:type\" content=\"article\" \/>\n<meta property=\"og:title\" content=\"1. Herren - Rot-Wei\u00df Moisling\" \/>\n<meta property=\"og:description\" content=\"Unsere 1. Herrenmannschaft spielt in dieser Spielzeit, 2025\/2026, in der Kreisklasse A SO \/ L\u00fcbeck. Hier stehen echte Amateure auf dem Platz, denen man die Freude am Fu\u00dfball anmerkt. Vielleicht haben auch Sie einmal Lust&hellip;\" \/>\n<meta property=\"og:url\" content=\"https:\/\/rw-moisling.de\/index.php\/sparten\/fussball\/1-herren\/\" \/>\n<meta property=\"og:site_name\" content=\"Rot-Wei\u00df Moisling\" \/>\n<meta property=\"article:modified_time\" content=\"2026-02-24T13:51:51+00:00\" \/>\n<meta name=\"twitter:card\" content=\"summary_large_image\" \/>\n<meta name=\"twitter:label1\" content=\"Gesch\u00e4tzte Lesezeit\" \/>\n\t<meta name=\"twitter:data1\" content=\"1\u00a0Minute\" \/>\n<script type=\"application\/ld+json\" class=\"yoast-schema-graph\">{\"@context\":\"https:\\\/\\\/schema.org\",\"@graph\":[{\"@type\":\"WebPage\",\"@id\":\"https:\\\/\\\/rw-moisling.de\\\/index.php\\\/sparten\\\/fussball\\\/1-herren\\\/\",\"url\":\"https:\\\/\\\/rw-moisling.de\\\/index.php\\\/sparten\\\/fussball\\\/1-herren\\\/\",\"name\":\"1. Herren - Rot-Wei\u00df Moisling\",\"isPartOf\":{\"@id\":\"https:\\\/\\\/rw-moisling.de\\\/#website\"},\"datePublished\":\"2019-08-03T15:30:48+00:00\",\"dateModified\":\"2026-02-24T13:51:51+00:00\",\"breadcrumb\":{\"@id\":\"https:\\\/\\\/rw-moisling.de\\\/index.php\\\/sparten\\\/fussball\\\/1-herren\\\/#breadcrumb\"},\"inLanguage\":\"de\",\"potentialAction\":[{\"@type\":\"ReadAction\",\"target\":[\"https:\\\/\\\/rw-moisling.de\\\/index.php\\\/sparten\\\/fussball\\\/1-herren\\\/\"]}]},{\"@type\":\"BreadcrumbList\",\"@id\":\"https:\\\/\\\/rw-moisling.de\\\/index.php\\\/sparten\\\/fussball\\\/1-herren\\\/#breadcrumb\",\"itemListElement\":[{\"@type\":\"ListItem\",\"position\":1,\"name\":\"Startseite\",\"item\":\"https:\\\/\\\/rw-moisling.de\\\/\"},{\"@type\":\"ListItem\",\"position\":2,\"name\":\"Sparten\",\"item\":\"https:\\\/\\\/rw-moisling.de\\\/index.php\\\/sparten\\\/\"},{\"@type\":\"ListItem\",\"position\":3,\"name\":\"Fu\u00dfball\",\"item\":\"https:\\\/\\\/rw-moisling.de\\\/index.php\\\/sparten\\\/fussball\\\/\"},{\"@type\":\"ListItem\",\"position\":4,\"name\":\"1. Herren\"}]},{\"@type\":\"WebSite\",\"@id\":\"https:\\\/\\\/rw-moisling.de\\\/#website\",\"url\":\"https:\\\/\\\/rw-moisling.de\\\/\",\"name\":\"Rot-Wei\u00df Moisling von 1911 e.V.\",\"description\":\"\",\"potentialAction\":[{\"@type\":\"SearchAction\",\"target\":{\"@type\":\"EntryPoint\",\"urlTemplate\":\"https:\\\/\\\/rw-moisling.de\\\/?s={search_term_string}\"},\"query-input\":{\"@type\":\"PropertyValueSpecification\",\"valueRequired\":true,\"valueName\":\"search_term_string\"}}],\"inLanguage\":\"de\"}]}<\/script>\n<!-- \/ Yoast SEO plugin. -->","yoast_head_json":{"title":"1. Herren - Rot-Wei\u00df Moisling","robots":{"index":"index","follow":"follow","max-snippet":"max-snippet:-1","max-image-preview":"max-image-preview:large","max-video-preview":"max-video-preview:-1"},"canonical":"https:\/\/rw-moisling.de\/index.php\/sparten\/fussball\/1-herren\/","og_locale":"de_DE","og_type":"article","og_title":"1. Herren - Rot-Wei\u00df Moisling","og_description":"Unsere 1. Herrenmannschaft spielt in dieser Spielzeit, 2025\/2026, in der Kreisklasse A SO \/ L\u00fcbeck. Hier stehen echte Amateure auf dem Platz, denen man die Freude am Fu\u00dfball anmerkt. Vielleicht haben auch Sie einmal Lust&hellip;","og_url":"https:\/\/rw-moisling.de\/index.php\/sparten\/fussball\/1-herren\/","og_site_name":"Rot-Wei\u00df Moisling","article_modified_time":"2026-02-24T13:51:51+00:00","twitter_card":"summary_large_image","twitter_misc":{"Gesch\u00e4tzte Lesezeit":"1\u00a0Minute"},"schema":{"@context":"https:\/\/schema.org","@graph":[{"@type":"WebPage","@id":"https:\/\/rw-moisling.de\/index.php\/sparten\/fussball\/1-herren\/","url":"https:\/\/rw-moisling.de\/index.php\/sparten\/fussball\/1-herren\/","name":"1. Herren - Rot-Wei\u00df Moisling","isPartOf":{"@id":"https:\/\/rw-moisling.de\/#website"},"datePublished":"2019-08-03T15:30:48+00:00","dateModified":"2026-02-24T13:51:51+00:00","breadcrumb":{"@id":"https:\/\/rw-moisling.de\/index.php\/sparten\/fussball\/1-herren\/#breadcrumb"},"inLanguage":"de","potentialAction":[{"@type":"ReadAction","target":["https:\/\/rw-moisling.de\/index.php\/sparten\/fussball\/1-herren\/"]}]},{"@type":"BreadcrumbList","@id":"https:\/\/rw-moisling.de\/index.php\/sparten\/fussball\/1-herren\/#breadcrumb","itemListElement":[{"@type":"ListItem","position":1,"name":"Startseite","item":"https:\/\/rw-moisling.de\/"},{"@type":"ListItem","position":2,"name":"Sparten","item":"https:\/\/rw-moisling.de\/index.php\/sparten\/"},{"@type":"ListItem","position":3,"name":"Fu\u00dfball","item":"https:\/\/rw-moisling.de\/index.php\/sparten\/fussball\/"},{"@type":"ListItem","position":4,"name":"1. Herren"}]},{"@type":"WebSite","@id":"https:\/\/rw-moisling.de\/#website","url":"https:\/\/rw-moisling.de\/","name":"Rot-Wei\u00df Moisling von 1911 e.V.","description":"","potentialAction":[{"@type":"SearchAction","target":{"@type":"EntryPoint","urlTemplate":"https:\/\/rw-moisling.de\/?s={search_term_string}"},"query-input":{"@type":"PropertyValueSpecification","valueRequired":true,"valueName":"search_term_string"}}],"inLanguage":"de"}]}},"_links":{"self":[{"href":"https:\/\/rw-moisling.de\/index.php\/wp-json\/wp\/v2\/pages\/134","targetHints":{"allow":["GET"]}}],"collection":[{"href":"https:\/\/rw-moisling.de\/index.php\/wp-json\/wp\/v2\/pages"}],"about":[{"href":"https:\/\/rw-moisling.de\/index.php\/wp-json\/wp\/v2\/types\/page"}],"author":[{"embeddable":true,"href":"https:\/\/rw-moisling.de\/index.php\/wp-json\/wp\/v2\/users\/1"}],"replies":[{"embeddable":true,"href":"https:\/\/rw-moisling.de\/index.php\/wp-json\/wp\/v2\/comments?post=134"}],"version-history":[{"count":24,"href":"https:\/\/rw-moisling.de\/index.php\/wp-json\/wp\/v2\/pages\/134\/revisions"}],"predecessor-version":[{"id":4280,"href":"https:\/\/rw-moisling.de\/index.php\/wp-json\/wp\/v2\/pages\/134\/revisions\/4280"}],"up":[{"embeddable":true,"href":"https:\/\/rw-moisling.de\/index.php\/wp-json\/wp\/v2\/pages\/127"}],"wp:attachment":[{"href":"https:\/\/rw-moisling.de\/index.php\/wp-json\/wp\/v2\/media?parent=134"}],"curies":[{"name":"wp","href":"https:\/\/api.w.org\/{rel}","templated":true}]}}